 Let x(l) = -2*l**3 + 21*l**2 + 7*l - 7. Let k(o) = -4*n(o) + 7*x(o). Determine k(-10).
45
Let a(t) = 2*t + 7. Suppose -9*f = -60 - 30. Suppose f = -5*h + 4*u, 4*h - h + 6 = -5*u. Let g be ((-16)/32)/(h/(-24)). Calculate a(g).
-5
Let q be (-2 + -34)/(6*7/(-588)). Suppose -46*p = 140 + q. Let o(t) = t**3 + 15*t**2 + 17*t + 12. What is o(p)?
-30
Let l(y) = 3*y**3 + 43*y**2 + 8*y - 84. Let d be l(-14). Let m(t) be the second derivative of 1/2*t**3 + d + 2*t**2 - 6*t. Give m(5).
19
Let w(m) = -m**2 + 5*m + 10. Let z(i) = 5*i - 89. Let u be z(21). Let s be (u/5)/((-54)/15 + 4). Determine w(s).
-14
Let r(x) be the first derivative of x**2/2 + 39*x - 29. Let p be r(-39). Let v(y) = -y**2 - 3. Give v(p).
-3
Let f(k) = -k**2 + 32*k - 14. Suppose 0 = g + 5*n - 52, 316 - 340 = -g + 2*n. Give f(g).
-14
Let w(t) = 3*t - 5. Let o(s) = -4*s + 4. Let k(u) = -2*o(u) - 3*w(u). Let x = 442 - 442. Suppose x = 2*a + 18 - 28. What is k(a)?
2
Let g be (102/15 + -2)*(-10)/(-2). Let w be 48/g - (-5 + 0). Let c(y) = 2*y + 4. Let d(k) = -k + 1. Let r(m) = -c(m) - d(m). Calculate r(w).
-12
Suppose -42 + 23 = -19*d. Let f(t) = -19*t - 14. Calculate f(d).
-33
Let c(f) = 26*f**2 - 1. Let a(g) = 7*g**2 - 14*g - 38. Let q(h) = h**2 - h - 1. Let o(x) = -a(x) + 6*q(x). Let y be o(11). Calculate c(y).
25
Let q(r) = -38*r + 1429. Let u be q(38). Let z(n) = n + 12. What is z(u)?
-3
Let x(b) be the second derivative of -b**8/6720 + b**6/720 + 3*b**5/40 + b**4/4 - b**2 - 93*b. Let t(r) be the third derivative of x(r). What is t(0)?
9
Let x(i) = i**2 - 6*i + 8. Let a(g) = -g**3 - 34*g**2 - 96*g - 84. Let m be a(-31). Determine x(m).
35
Let m be 2/4*0/(-2). Let p(q) be the first derivative of -q**3/3 + q**2/2 + 42*q + 119433. Calculate p(m).
42
Let s(j) = -12*j - 31. Let i be s(-4). Let d(w) = i*w - 32*w - 5 - 21*w + 26*w. Give d(4).
-45
Suppose 10*t = -5*t + 90. Let q(o) = -528 + t*o**2 + 1068 - 534 + o**3 + o. Calculate q(-6).
0
Let h(j) be the second derivative of -9*j**5/20 - j**4/12 - j**3/2 - j**2/2 - j - 213. Give h(-1).
10
Let k(c) = -c**3 + 8*c**2 - 24*c + 109. Let u(n) = 240*n**2 - 2159*n - 2. Let q be u(9). Determine k(q).
-10
Let a(j) = 26*j**3 - 26*j**2 - 66*j - 103. Let h(q) = 11*q**3 - 13*q**2 - 33*q - 48. Let n(t) = -3*a(t) + 7*h(t). Determine n(-10).
3
Suppose -4*z + 5*x - 6 + 36 = 0, z + 2*x = 1. Let d(w) = -67*w - w**3 + 91*w - 29*w + z*w**2 + 3. Give d(5).
-22
Let n = -4 - -1. Let v(a) = 4*a + 9. Let t(o) = -9*o - 18. Let i(d) = n*t(d) - 7*v(d). Let b(y) = -60*y - 369. Let m be b(-6). What is i(m)?
0
Suppose -60*s - 50*s - 544 = 26*s. Let i(m) = -m**3 - 2*m**2 + 2*m + 8. Calculate i(s).
32
Let f(o) = -74*o**2 - 14 + o**3 + 1 + 83*o**2 + 5*o + 3. Determine f(-8).
14
Let s(y) be the first derivative of y**5/120 - y**4/8 + 4*y**3/3 - 4*y**2 + 85. Let b(a) be the third derivative of s(a). Determine b(3).
0
Let z(p) be the first derivative of 44 - 1/2*p**2 + p. What is z(1)?
0
Let m = -195 - -197. Let v(u) = 5 + u**m + 9*u + 2 - 5*u - 6*u. What is v(6)?
31
Let n(f) = -f**2 + 6*f + 1. Suppose -5*i = -4*p + 6*p - 52, -2*i - 24 = -2*p. Let y(q) = q**2 - 16*q + 10. Let b be y(p). Suppose b = 7*x - 32. Determine n(x).
1
Let a = 43546 - 43551. Let k(v) = 0 + 6 - 2 + 4*v**2 + 2 + 6*v + v**3. Determine k(a).
-49
Let u(o) = -o**3 - 6*o**2 - 9*o + 5. Let i(k) = 430*k - 2157. Let w be i(5). What is u(w)?
117
Let g(t) = -9*t - 54. Let s(n) = -2*n**2 + 129*n - 958. Let r be s(56). What is g(r)?
0
Let c(y) = 3*y**3 + 17*y**2 + 19*y - 7. Let k(b) = b**3 - 21*b**2 - 6*b + 122. Let d be k(21). Calculate c(d).
-3
Let w be (-8)/(-10) + ((-3312)/30)/(-2). Let i(x) = -x**3 - 2*x - w + 4*x + 14 + 6*x**2 + 46. Let q be 1/2 - (-11)/2. Calculate i(q).
16
Let o(f) = -15*f**2 + 8*f + 3. Suppose -41*b + 4*b - 190 = -153. What is o(b)?
-20
Let v(p) be the first derivative of -p**5/120 + p**4/12 + 95*p**3/3 + 69. Let t(m) be the third derivative of v(m). Give t(-5).
7
Suppose 0 = 4*t - 5*z - 26 - 6, 0 = t + 2*z + 5. Suppose -12 = p - 3*g + 3, 4*p + t*g = -30. Let l = p + 15. Let d(o) = -o + 11. Calculate d(l).
5
Let r(z) = -23360*z - 1169 + 23234*z + 289. What is r(-7)?
2
Let l be 3/2*(-8)/12. Let h be (-2 + 5)*(l + 0). Let y(q) = 7*q - 27. Let k(j) = -9*j + 33. Let w(o) = 4*k(o) + 5*y(o). What is w(h)?
0
Let o(i) = -25 + 64 + 16*i + 4 + 44 + 53. Determine o(-9).
-4
Let v(q) = 2*q**2 + 8*q - 6. Let w = 684 - 690. Calculate v(w).
18
Let q be ((-480)/(-56))/(3/14). Let z = -34 + q. Let k(w) = 5*w - 4. Give k(z).
26
Let n(h) = -3*h**3 - 2*h**2 - 4*h - 2. Suppose 2*r + 35 = 7*r. Let g(i) = -10*i**3 - 5*i**2 - 13*i - 6. Let t(v) = r*n(v) - 2*g(v). What is t(-2)?
-6
Suppose 3*o + 18 = 4*w, 13 = 3*w - 0*w - 2*o. Let a be w - 29/9 - 148/(-18). Suppose -8 - a = -2*q. Let m(y) = y**2 - 8*y - 4. What is m(q)?
-4
Let p(f) be the first derivative of -5*f - 2/3*f**3 - 4*f**2 - 184. Determine p(-6).
-29
Let c(d) be the first derivative of -3*d**4/2 + d**3/3 - 1. Let f(w) = 5*w**2 + 13*w - 1557. Let a be f(-19). Give c(a).
-5
Suppose -3*f = -2*q - 35, -2*q + 85 = 292*f - 287*f. Let k(l) = -l**3 + 16*l**2 - 10*l - 69. Determine k(f).
6
Let d(j) = j**3 + 5*j**2 + 6*j + 7. Let x be d(-3). Let w(i) = x + 0*i + 3*i - 5 + 7*i. Let p = -2 - -4. Calculate w(p).
22
Let f(c) be the third derivative of 0 - 1/24*c**4 + 0*c - 4/3*c**3 - 3*c**2 + 1/120*c**6 + 0*c**5. Suppose 27*v + 66*v = 0. Calculate f(v).
-8
Suppose 3*y - 107 = -89. Let w be (y/8)/((-6)/72). Let z(q) be the first derivative of q**3/3 + 5*q**2 + 4*q + 5. Give z(w).
-5
Let l(x) = 7*x**2 - 78*x + 29. Let b(a) = a**2 - 11*a + 4. Let m(s) = 15*b(s) - 2*l(s). Determine m(7).
-12
Let w(z) = -z**2 - 2. Let u(y) = y**2 + 5. Let v(d) = -u(d) - 2*w(d). Let s(m) = -2*m**2 + 11*m + 3. Let l(k) = -s(k) - v(k). What is l(12)?
10
Let w(x) = -1816 - 1816 + 84*x + 3798. What is w(-2)?
-2
Let m(p) be the first derivative of -1/3*p**3 + 0*p**2 - 7 + 7*p. Suppose 0 = -y + n + 8, -5*n = 2*y + 22 - 17. Determine m(y).
-18
Let q(f) = -f**2 + 6*f + 73. Let p(k) = -k**3 + 21*k**2 + 95*k - 8. Let o be p(-4). Calculate q(o).
1
Suppose -4*w - 2*h = -5*w + 1, 2*w - 9 = -3*h. Let m(c) = 3 - 4 - 5*c + 3*c. Let a(y) = 9*y + 5. Let b(g) = 2*a(g) + 11*m(g). What is b(w)?
-13
Let h(n) = n**3 - 6*n**2 - 8*n + 4. Suppose 2*q - q = -3*f - 11, -5*q = -2*f - 30. Let y(b) = b**2 + 7*b + 4. Let j be y(3). Suppose 6 = -q*w + j. Give h(w).
-3
Let v(x) = -16*x - 90. Let d(n) = 37*n**2 + 516*n - 34. Let w be d(-14). Calculate v(w).
6
Let h(y) = -y**3 - 2*y**2 + 5*y. Let j be 3/5 + 12/5. Let n(u) = -2*u**3 - u**2 + 5*u + 1. Let i(t) = j*h(t) - 2*n(t). Give i(4).
18
Suppose -c = -0*c + 4. Suppose 8*r - 5*r = -4*r. Let x(b) = r + 0*b**2 - b**2 + 185*b - 190*b - 5. Give x(c).
-1
Let u(s) = -s**3 + 6*s**2 - 2*s + 2. Let z = -42 - -51. Suppose -r + z = 2*o, 4*r - 5 = -17. Give u(o).
-10
Let b(v) = -10*v**2 + 39*v**3 - 1 - 15*v**3 + 3*v**3 - 6*v - 28*v**3. Calculate b(-4).
-73
Let d(h) = -5853*h**3 + 7*h**2 + 11697*h**3 - 5845*h**3 + 20. Determine d(7).
20
Let s(p) = -2*p - 13. Let f be s(-7). Let n(j) = 7*j - 4*j + 4*j**2 - j**2 - 4*j. Give n(f).
2
Suppose -2*h + 3*m - 6 = 0, m = h + 4*m - 15. Let g(k) = k**2 + 4*k - 22. Let v be g(h). Let s(l) = 30*l + 1. Give s(v).
-29
Suppose 4*v - 5*v + 3 = 0. Suppose 5 = -8*q - v. Let c(k) = 11*k**2 - 7*k - 1. Let m(a) = -12*a**2 + 6*a + 1. Let f(w) = 6*c(w) + 7*m(w). Give f(q).
-17
Let v(z) = -z**3 - 2*z**2 - 2. Suppose -s = -5*m - 27, 3*s + 3*m + 4 = m. Let j(b) = -4*b**3 - 7*b**2 - b - 9. Let x(a) = s*j(a) - 9*v(a). Give x(-4).
8
Let r(s) = -28325 - 28327 - 8*s + 56664. Calculate r(-7).
68
Let r(i) = -i**3 - i**2 + i. Let f be r(-2). Let q(s) = 5*s - 2. Let z(g) = g**2 + 7*g + 13*g - 38*g + 1 + 17*g. Let x(y) = -q(y) - 4*z(y). Calculate x(f).
-20
Let p(g) = -3*g - 5. Let b(z) = 2*z - 3*z + 8 + 6*z. Let h(l) = -5*b(l) - 8*p(l). Determine h(-2).
2
Let l(j) be the first derivative of 5*j**2/2 - 3502. Let m(c) = -7*c + 4. Let b(k) = -3*k + 2. Let f(i) = 9*b(i) - 4*m(i). Let y be f(2). What is l(y)?
20
Suppose 860 = 90*m + 320. Let j(w) = w**3 - 6*w**2 + 2*w - 3. What is j(m)?
9
Suppose 2*h - 150 = -3*t, -21*t + 225 = 3*h - 22*t. Let p = h + -72. Let y(b) = -b**3 + 2*b**2 + 2. Give y(p).
-7
Let q(s) be the third derivative of -s**5/60 - 2*s**4/3 + 2*s**3 - 16*s**2 + s. L